31
Calculate the remainder when 32090 is divided by 30058.
2032
What is the remainder when 122305 is divided by 11116?
29
What is the remainder when 715267 is divided by 9052?
159
What is the remainder when 10030 is divided by 1?
0
Calculate the remainder when 15307152 is divided by 41.
7
Calculate the remainder when 718424 is divided by 5988.
5852
Calculate the remainder when 29657356 is divided by 9179.
7
Calculate the remainder when 13135105 is divided by 2575.
30
What is the remainder when 416571 is divided by 282?
57
What is the remainder when 9998923 is divided by 1428417?
4
What is the remainder when 182212 is divided by 459?
448
Calculate the remainder when 9120185 is divided by 178.
177
What is the remainder when 1231504 is divided by 8209?
154
Calculate the remainder when 28602 is divided by 1098.
54
Calculate the remainder when 516233 is divided by 3797.
3638
What is the remainder when 893270 is divided by 297733?
71
Calculate the remainder when 10852986 is divided by 478.
474
Calculate the remainder when 11689491 is divided by 5961.
5931
Calculate the remainder when 108718495 is divided by 6658.
13
What is the remainder when 138128 is divided by 15338?
86
What is the remainder when 16798535 is divided by 4199602?
127
Calculate the remainder when 38594 is divided by 5498.
108
Calculate the remainder when 43981 is divided by 758.
17
What is the remainder when 611363 is divided by 152830?
43
Calculate the remainder when 896455 is divided by 4131.
28
Calculate the remainder when 204576 is divided by 380.
136
Calculate the remainder when 250422 is divided by 4391.
135
What is the remainder when 938171 is divided by 312520?
611
What is the remainder when 21752 is divided by 809?
718
Calculate the remainder when 550628232 is divided by 23.
21
What is the remainder when 205537455 is divided by 2282?
2279
Calculate the remainder when 9812 is divided by 2422.
124
What is the remainder when 31328 is divided by 1923?
560
Calculate the remainder when 48930 is divided by 2575.
5
What is the remainder when 1324551 is divided by 1514?
1315
Calculate the remainder when 1628516370 is divided by 7049.
7047
What is the remainder when 56038834 is divided by 24?
10
Calculate the remainder when 3872174 is divided by 326.
272
Calculate the remainder when 26182 is divided by 1581.
886
Calculate the remainder when 2312072739 is divided by 159.
156
Calculate the remainder when 10208 is divided by 796.
656
What is the remainder when 2328026 is divided by 75?
26
Calculate the remainder when 49012458 is divided by 5.
3
What is the remainder when 14911338 is divided by 2067?
0
What is the remainder when 121725289 is divided by 18?
1
Calculate the remainder when 245965 is divided by 14460.
145
What is the remainder when 294803 is divided by 865?
703
What is the remainder when 820858 is divided by 174?
100
Calculate the remainder when 359262 is divided by 179525.
212
Calculate the remainder when 243416 is divided by 120636.
2144
Calculate the remainder when 1248456 is divided by 69358.
12
Calculate the remainder when 379303539 is divided by 484.
483
Calculate the remainder when 39128891 is divided by 1129.
9
What is the remainder when 1050457551 is divided by 835?
831
What is the remainder when 10901172 is divided by 3852?
12
Calculate the remainder when 319761 is divided by 960.
81
Calculate the remainder when 5060421 is divided by 830.
741
What is the remainder when 72684345 is divided by 8076037?
12
Calculate the remainder when 148831 is divided by 147618.
1213
Calculate the remainder when 73844 is divided by 2051.
8
Calculate the remainder when 7926 is divided by 7830.
96
Calculate the remainder when 34797759 is divided by 148.
147
What is the remainder when 2594737 is divided by 34?
27
Calculate the remainder when 1050754 is divided by 3233.
29
What is the remainder when 294474 is divided by 256?
74
Calculate the remainder when 20297910 is divided by 263609.
17
What is the remainder when 10192031 is divided by 335?
326
What is the remainder when 484423 is divided by 484188?
235
Calculate the remainder when 57695 is divided by 310.
35
Calculate the remainder when 52734 is divided by 4783.
121
Calculate the remainder when 106238 is divided by 7061.
323
Calculate the remainder when 524633 is divided by 524624.
9
What is the remainder when 2447059 is divided by 152?
11
What is the remainder when 502935 is divided by 167164?
1443
Calculate the remainder when 206334314 is divided by 108.
98
What is the remainder when 14036491 is divided by 155?
1
What is the remainder when 2128036 is divided by 236290?
1426
Calculate the remainder when 306040 is divided by 24750.
9040
Calculate the remainder when 3523891 is divided by 39.
7
What is the remainder when 2823052 is divided by 282304?
12
Calculate the remainder when 238367 is divided by 5706.
4421
Calculate the remainder when 479616563 is divided by 13555.
13553
Calculate the remainder when 974498 is divided by 119.
7
Calculate the remainder when 620304 is divided by 77516.
176
What is the remainder when 452328 is divided by 5012?
1248
What is the remainder when 276885 is divided by 461?
285
What is the remainder when 95891 is divided by 47921?
49
Calculate the remainder when 752091 is divided by 375971.
149
What is the remainder when 167905 is divided by 55911?
172
What is the remainder when 67895 is divided by 1029?
1010
Calculate the remainder when 1152786 is divided by 369.
30
What is the remainder when 5033 is divided by 2458?
117
Calculate the remainder when 442193 is divided by 147132.
797
What is the remainder when 6671999 is divided by 2223983?
50
What is the remainder when 2901668 is divided by 580332?
8
Calculate the remainder when 438506 is divided by 130.
16
What is the remainder when 30913 is divided by 30885?
28
What is the remainder when 1135392 is divided by 6711?
1233
Calculate the remainder when 1154861 is divided by 164978.
15
What is the remainder when 173008 is divided by 204?
16
What is the remainder when 238865 is divided by 2342?
2323
Calculate the remainder when 3057000 is divided by 98.
86
What is the remainder when 53347 is divided by 17760?
67
What is the remainder when 72359 is divided by 72065?
294
What is the remainder when 13764568 is divided by 7888?
8
Calculate the remainder when 24012679 is divided by 24012661.
18
Calculate the remainder when 1688000 is divided by 400.
0
What is the remainder when 127330 is divided by 299?
255
What is the remainder when 36857276 is divided by 1313?
53
Calculate the remainder when 3073907 is divided by 78818.
5
Calculate the remainder when 2768853 is divided by 665.
458
Calculate the remainder when 1617026 is divided by 4220.
766
Calculate the remainder when 185966 is divided by 61841.
443
Calculate the remainder when 754215 is divided by 37709.
35
Calculate the remainder when 10063000 is divided by 6166.
88
What is the remainder when 40141328 is divided by 4737?
4727
Calculate the remainder when 82617116 is divided by 246.
230
Calculate the remainder when 1333105 is divided by 266555.
330
What is the remainder when 724976 is divided by 10051?
1304
Calculate the remainder when 5909679 is divided by 524.
7
What is the remainder when 221849 is divided by 7648?
57
Calculate the remainder when 824938 is divided by 412282.
374
What is the remainder when 205662 is divided by 631?
587
What is the remainder when 90110745 is divided by 1942?
3
Calculate the remainder when 1275421 is divided by 2966.
41
Calculate the remainder when 39282912 is divided by 73426.
2
What is the remainder when 1451575 is divided by 25913?
447
Calculate the remainder when 4233157 is divided by 2116570.
17
Calculate the remainder when 1430523 is divided by 75272.
355
Calculate the remainder when 651049 is divided by 13014.
349
What is the remainder when 70170 is divided by 2263?
17
Calculate the remainder when 1484716 is divided by 233.
40
Calculate the remainder when 3584019 is divided by 13.
10
Calculate the remainder when 321731 is divided by 529.
99
What is the remainder when 6777007 is divided by 9612?
547
Calculate the remainder when 9624 is divided by 6.
0
Calculate the remainder when 7214092 is divided by 1209.
1198
What is the remainder when 740056 is divided by 58?
34
W